 u**3 + 10*u**2 - 25*u + 17. Determine q(b).
29
Let j(w) = 474*w**2 - 5. Let z be j(-1). Let p = z - 458. Let b(n) = -n**3 + 10*n**2 + 13*n + 1. What is b(p)?
23
Let t(g) = 251*g**2 + 164*g - 401. Let j(x) = 43*x**2 + 28*x - 67. Let k(d) = -35*j(d) + 6*t(d). Give k(-10).
-1
Let y(d) be the first derivative of -3*d**2/2 - 12*d + 808. Give y(-5).
3
Let t(x) = 17*x + 10. Let s be t(-1). Let w(j) = 9*j**3 - 7*j**2 - 7*j + 26. Let k(l) = -4*l**3 + 3*l**2 + 3*l - 13. Let f(a) = s*k(a) - 3*w(a). Give f(0).
13
Let h = 2653 - 2652. Let f(x) = 3*x. What is f(h)?
3
Let g(i) be the first derivative of i**4/12 + i**3/2 + 5*i**2/2 - 73*i - 62. Let z(m) be the first derivative of g(m). Suppose -3*x - 20 = 2*x. What is z(x)?
9
Let m(q) = 2*q - 5*q + 5*q**2 - 23 + 25. Suppose 5*y - 24 = -4*o, 0 = o - y + 135 - 132. Determine m(o).
4
Let s = -262 + 251. Let m(b) = -b**2 - 10*b + 25. Determine m(s).
14
Suppose 0 = 4*n + n - 25. Let g(y) be the first derivative of -y**3/3 + 7*y**2/2 - y + 329. Give g(n).
9
Let j = -5301 - -5298. Let o(y) = -y**2 - 4*y. Determine o(j).
3
Let k be 1/(((5/(-10))/1)/(-1)). Let g(u) = 432 - 427 - 4*u**k - 5*u**3 + 0*u + 4*u**3 - u. Determine g(-3).
-1
Let j(t) = 20*t + 277. Let z(o) = 4*o + 57. Let g(y) = 2*j(y) - 11*z(y). Determine g(-18).
-1
Let p be (-9 - 236/58) + (-2)/(-29). Let d(q) = q**3 + 14*q**2 + 9*q - 5. What is d(p)?
47
Suppose -5*q = -25, c - q + 45 = 34. Let d(m) = m**3 + 5*m**2 - 6*m + 11. Determine d(c).
11
Suppose -101*l - 12 = -105*l. Let f(x) = -x**3 - 2*x + 2. Determine f(l).
-31
Let b be (-82)/(-16) - (-8)/(-64). Let f(q) = -b + 1 + 3 - 27*q**2 + 0. Determine f(-1).
-28
Let u = 18 - 17. Let k(q) = q + 11*q - u - 17*q. Suppose 12*y - 4*y = -8. What is k(y)?
4
Let i(w) be the first derivative of -w**3/3 - 3*w**2 + 9*w - 10. Let m = 1166 + -1174. Give i(m).
-7
Let q(t) = 2*t**2 - 20*t. Let s(p) = -3*p**2 + 43*p + 8. Let l(d) = -d**2 + 15*d + 3. Let a(w) = -8*l(w) + 3*s(w). Let r(b) = -9*a(b) - 4*q(b). Calculate r(2).
2
Let a(x) = 11*x**2 + x + 25. Let y(g) = 13*g**2 - g + 25. Let o(c) = 7*a(c) - 6*y(c). Determine o(15).
-5
Let o(s) = -6*s**2 + 17*s - 9. Let y(z) = z**2 - 4*z - 1. Let k(f) = -o(f) - 4*y(f). Give k(0).
13
Let t = 23125 + -23119. Let l(x) = 5*x + 29. Calculate l(t).
59
Let x(l) = -l**3 + 4*l**2 - l - 2. Let f(w) = -44*w - 61. Let z be f(-4). Suppose -z*c = -116*c + 4. Determine x(c).
-6
Let h(i) be the second derivative of -i**5/10 - 11*i**4/4 + 10*i**3/3 + 29*i**2 - 980*i. Give h(-17).
7
Let q(k) = 6110 - 3110 - 6*k - 3078. Determine q(-11).
-12
Let b(k) = -k**2 - 2*k. Let h(u) = 4*u**2 + 7*u - 1. Let y(a) = -9*b(a) - 2*h(a). Suppose 12*m - 7969 = -2869. Let p = 423 - m. What is y(p)?
-2
Let p(w) = -5*w**3 + 2*w**2 - 2. Let m(g) = g**3. Let b(j) = -6*m(j) - p(j). Give b(-3).
11
Let r(h) = -h**2 + 30*h - 71. Suppose 51*q - 55*q = 5*g - 133, 7 = q - 4*g. Give r(q).
10
Suppose 25 + 5 = l. Let m = l + -27. Let u(s) = -1 - s + 2 + m + 0. What is u(0)?
4
Let d = -121 + 133. Let y(c) = 8 + c - 17 + d. Give y(-5).
-2
Let r(u) = u**3 - u - 8. Suppose q - 33 = -5*i - 11, 2*i = 5*q - 29. What is r(i)?
16
Let d(r) = r + 5. Let w(h) = -h - 4. Suppose 2*y + 13 + 1 = 0. Let p(v) = y*w(v) - 6*d(v). Let x(s) = s**2 - 3*s - 10. Let t be x(-2). Determine p(t).
-2
Let r(u) = 3*u**3 + u**2 - 7*u + 14. Let q be r(4). Let v(g) = -392 + q + 2*g + 194 - g**2. Suppose -6 = -6*h + 4*h. Give v(h).
-7
Let b(q) = -3*q + 894. Let r(a) = 12*a - 1793. Let p(g) = -5*b(g) - 3*r(g). Give p(43).
6
Let u(x) = -5*x**3 + 6*x**2 + 5*x - 5. Let t(n) = 6*n**3 - 5*n**2 - 6*n + 5. Let p(b) = -6*t(b) - 7*u(b). Suppose -1060*h = -1066*h - 72. Determine p(h).
-7
Let g(w) = 5*w**2 - 6*w - 1. Let q(v) = -11*v**2 + 13*v + 3. Let k(y) = -9*g(y) - 4*q(y). Suppose -111*t + 58*t + 265 = 0. What is k(t)?
-18
Suppose 5*j - 2 = 8*j - 2*o, o - 10 = -3*j. Let y(u) = -4*u**2 + 1 - j*u - 6 - 4*u + 6*u + u**3 - 5*u. What is y(5)?
-5
Let v(r) = -5*r - 7. Let b(t) = 6*t + 8. Suppose -3*y + 35 = 2*l + 2*y, -20 = -l - 3*y. Let i(k) = l*v(k) + 4*b(k). Let z = -13 + 4. What is i(z)?
6
Suppose -3*r + 104*i = 107*i + 18, 24 = -4*r + 2*i. Let g(h) = h**3 + 8*h**2 + 14*h + 9. Determine g(r).
-3
Suppose -4*z + 48 = 2*p + 2*p, 0 = 4*z + 5*p - 47. Let i(a) = -28*a - 11 + z*a + 13*a. What is i(-7)?
3
Let i(a) = 2*a**2 + a - 1. Suppose 6*p - 19*p + 5382 = 0. Let z = p - 410. Give i(z).
35
Let c(y) be the first derivative of y**2/2 - 2*y + 12. Suppose 5*x = 2*z - 44, -4 = 5*x + 16. Let p = z - 7. What is c(p)?
3
Let j(l) = 9*l. Let z(c) = 3*c**2 + 20*c - 210. Let n be z(7). Suppose -d = n - 78. Give j(d).
9
Let r(p) be the first derivative of -p**4/4 + 2*p**3/3 + 7*p**2/2 + 3*p + 2267. Give r(4).
-1
Let i = -2715 - -2711. Let d(s) be the second derivative of s**3/2 + 7*s**2/2 + 4*s. What is d(i)?
-5
Let c = 251 - 245. Suppose -60*b + 57*b = c. Let t(m) be the third derivative of m**6/120 + m**5/15 + m**4/6 + m**3/3 - 8*m**2. Give t(b).
2
Suppose 4*c + 3*n = -2*n + 272, -3*n + 353 = 5*c. Let q = c - 71. Let k(u) = q + 0 - 6*u + 4 + 8*u. Determine k(-5).
-4
Let i(w) = -w - 25. Let a = -185 - -192. Suppose -8*c = -a*c - 4*t, 0 = 3*c - 5*t. Determine i(c).
-25
Suppose -1 - 7 = -g + 4*p, 3*g - 11 = -p. Suppose -4*l = -0*b + b - 24, g*b = -3*l + 18. Let k(o) = 4*o - 77*o**2 + 7 + 149*o**2 - 73*o**2. Calculate k(l).
-5
Suppose 0 = 2*b - 2*i - 126 - 94, 2*b - 241 = -5*i. Suppose 18*m = -b - 67. Let h(k) = 3*k + 13. Calculate h(m).
-17
Let a(d) = 5*d - 2. Let t be a(1). Let o(n) = n + t*n + 5*n - n**2 - 12*n. Let h = -803 - -800. Calculate o(h).
0
Suppose 15*p + 28 + 133 = -34. Let t(y) = -2*y**2 - 28*y - 43. Give t(p).
-17
Let k(b) be the first derivative of -b**4/4 + 2*b**3 + 4*b**2 - 5*b + 157. What is k(7)?
2
Let l(o) be the second derivative of -o**4/12 - o**3 + 3*o**2/2 + o. Suppose 0 = -30*n + 39*n - 36. Let w(p) = -1. Let y(t) = n*w(t) + l(t). Determine y(-4).
7
Let z(y) = y**3 + 25*y**2 - 28*y - 62. Suppose 46*v - 3*d = 47*v + 35, -3*v - 69 = -3*d. Determine z(v).
-10
Let u(k) = 5*k - 163 + 165 - k. Give u(13).
54
Suppose 0 = -14*t + 33 - 5. Let j(o) = 2*o**t + 0*o + 5146 - o - 5148. What is j(3)?
13
Let a(j) = 7*j**3 + 20*j**2 + 12*j + 19. Let y(f) = 8*f**3 + 23*f**2 + 14*f + 20. Let l(k) = 7*a(k) - 6*y(k). Give l(-3).
4
Let w = -1466 + 1478. Let x(z) = 89 - z + 81 + w*z**2 + 82 - 252. Let s = -2 - -1. Determine x(s).
13
Let q = -10 + 6. Let y(n) be the third derivative of -n**4/24 + 5*n**3/6 - 171*n**2 - 38. Calculate y(q).
9
Let w(x) = 125*x + 78. Let l be w(7). Let r(m) = -40*m + 953 - l. Give r(-1).
40
Let h(x) be the third derivative of -5*x**4/24 - 50*x**3/3 - 143*x**2 - x - 9. Give h(-22).
10
Let o(k) = -2*k - 2. Let t(q) = 9*q + 8. Let n(c) = -26*o(c) - 6*t(c). Suppose -3*j = -j. Let s be -2 - j - (0 - -3). Calculate n(s).
14
Let y(d) = -d**2 + 9*d + 31. Let p be (-10)/6 + 46/((-6486)/(-235)). What is y(p)?
31
Let j(p) = 43*p - 80. Suppose 4*x + 3*x + 2 = 16. Determine j(x).
6
Suppose -3*x = 6 - 3, 5*y - 2*x = 22. Suppose -j - 8 - y = -4*r, -3*j + 2*r + 4 = 0. Let n(o) = o**3 - 3*o**2 - o. Give n(j).
12
Let a(u) = -u**3 - 5*u**2 + u + 4. Suppose 0 = -5*p + 4*s - 20, -p = -0*p + 2*s - 10. Suppose p = 9*t - 4*t + 30. Let x be 6/12 + 33/t. What is a(x)?
-1
Let w(p) be the first derivative of -p**3/3 - 5*p**2 - 5*p - 52. Let s(l) = -12*l - 79. Let g be s(-6). Calculate w(g).
16
Let x(t) = -16*t + 173. Let n(p) = -30*p + 374. Let c(k) = -3*n(k) + 7*x(k). Calculate c(4).
1
Let p(x) = -3*x**2 - 15*x + 7*x + 8 + 4*x**2. Let y(d) = -d**3 + 113*d**2 + 110*d + 463. Let q be y(114). Give p(q).
1
Let r(o) = -5*o**3 + 8*o**2 - 29*o + 4*o**2 + 5 - 22*o**2. Let v(p) = 2*p**3 + 3*p**2 + 10*p - 1. Let b(l) = 3*r(l) + 8*v(l). Give b(7).
7
Let k(r) = 5*r - 6. Let y be k(2). Suppose m - 4 = 2*m, -2*d - m = -y. Let o(h) = h**2 - 7*h + 20*h + 2 - 12*h. Calculate o(d).
22
Let z(k) be the first derivative of k**3/3 + 4*k**2 - 18*k + 6486. Determine z(-11).
15
Let q(o) = -3*o - 21. Let y be 8/36 + (-2)/9. Suppose 2*c - 3*a = -7, y*c - 2*c = -a + 17. Determine q(c).
12
Let h(d) = -274 - d + 58 + 162. Give h(-6).
-48
Let x(o) = o**2 - 212132 + 424267 - 212131. Give x(-5).
29
Let t = -1 - -1. Let f(h) be the first derivative of -8*h + 23 + 1/2*h**2. Calculate f(t).
-8
Suppose -2*z - 12 = 0, -3